ase 10) to base 8.
-260750
What is 101100101123 (base 4) in base 14?
85a507
-3200223441 (base 5) to base 4
-121113030231
242474 (base 10) to base 2
111011001100101010
What is 2211714 (base 8) in base 7?
5025244
1748638 (base 9) to base 3
1211122201022
Convert -7bc (base 14) to base 4.
-120002
What is 1385475 (base 11) in base 6?
122554103
69526 (base 12) to base 2
100010010110101110
Convert -216764 (base 10) to base 4.
-310322330
What is -3323754 (base 9) in base 15?
-2548ea
-111001202222 (base 3) to base 14
-69a18
-13014 (base 12) to base 10
-25936
Convert -2402240 (base 6) to base 15.
-27049
What is -13020330030 (base 4) in base 12?
-763150
What is -b83ed4 (base 15) in base 4?
-201131200033
What is -33222001320 (base 4) in base 2?
-1111101010000001111000
Convert -788040 (base 9) to base 6.
-14035443
Convert 179845a (base 11) to base 15.
401474
10101111111220 (base 3) to base 6
102333553
What is 420400003 (base 5) in base 2?
110100110101010110101
Convert -634329 (base 11) to base 3.
-1220121121200
What is -5a1bdc (base 14) in base 15?
-40c19e
Convert -44466402 (base 7) to base 8.
-16534722
-2814438 (base 10) to base 4
-22233013212
Convert -111331002222 (base 4) to base 7.
-66626400
What is -103531415 (base 6) in base 15?
-26bdb8
-22021222000 (base 3) to base 2
-100111110111000101
Convert 22221321203 (base 4) to base 12.
b2842b
Convert 9c448 (base 13) to base 14.
757a5
-40bc46 (base 13) to base 10
-1511425
What is -1455110 (base 6) in base 4?
-110311302
What is -1128890 (base 10) in base 3?
-2010100112202
Convert -11102020122 (base 3) to base 4.
-111032102
What is -102222020122 (base 3) in base 16?
-3987e
212021045 (base 6) to base 11
2121443
What is 1210212020201 (base 3) in base 13?
278995
Convert -10210101122 (base 3) to base 8.
-221625
What is -4301300 (base 7) in base 16?
-7f523
Convert 6ab450 (base 12) to base 11.
a75293
What is -23c7957 (base 13) in base 16?
-a9c9a1
40022100 (base 6) to base 7
12354324
What is -10516 (base 7) in base 14?
-d7d
What is bd98cc (base 14) in base 6?
350023404
-117aa5 (base 12) to base 15
-58dbe
-374354 (base 10) to base 6
-12005042
-1011000010000011101 (base 2) to base 8
-1302035
12221011111 (base 3) to base 9
187144
408584 (base 9) to base 10
242509
6a2060 (base 11) to base 4
10100110310
-d3e395 (base 16) to base 3
-222010111111112
What is -2440301 (base 7) in base 16?
-4c3d6
5256352 (base 7) to base 8
2332312
What is -175922 (base 10) in base 6?
-3434242
What is -4537bc (base 13) in base 12?
-66a856
What is -5205 (base 10) in base 15?
-1820
Convert 40358 (base 9) to base 10.
26540
What is -6a894 (base 11) in base 7?
-604016
Convert a89d4 (base 16) to base 14.
13d99a
12412110 (base 5) to base 14
32a60
What is 21111210221 (base 3) in base 11?
a109a
-334572 (base 9) to base 3
-101011122102
-375a57 (base 15) to base 4
-22013120323
-344401112 (base 5) to base 15
-20c13c
1001111101010011011111 (base 2) to base 4
21331103133
1124251 (base 6) to base 14
171c3
Convert -322411401 (base 5) to base 8.
-5171066
What is 1a362 (base 14) in base 5?
4112110
-238651 (base 15) to base 12
-69b2b7
Convert 26873 (base 14) to base 16.
172f5
-10167322 (base 9) to base 11
-2838540
What is a807 (base 11) in base 3?
201121002
Convert -94860 (base 10) to base 3.
-11211010100
-1564329 (base 11) to base 15
-37b355
What is -203032322311 (base 4) in base 9?
-18336547
What is -3260060 (base 7) in base 10?
-401009
What is -203414 (base 9) in base 10?
-120622
120221221021221 (base 3) to base 2
100000010110110101010001
20a56 (base 12) to base 15
cb03
28291a (base 14) to base 16
1536ac
Convert 104350 (base 8) to base 4.
20203220
What is 55421322 (base 6) in base 8?
6267662
3144031 (base 7) to base 11
240079
What is -211220301 (base 4) in base 14?
-40277
Convert 61382 (base 14) to base 8.
710726
Convert 3430142243 (base 5) to base 7.
122061525
-5297 (base 10) to base 4
-1102301
cbfa8 (base 16) to base 7
10046564
Convert -1064061 (base 7) to base 11.
-91307
What is 121020112220122 (base 3) in base 6?
505003025
What is 322132012 (base 4) in base 13?
85018
Convert -31411406 (base 7) to base 12.
-a82558
Convert 16d10 (base 15) to base 7.
425130
1101000010011100011 (base 2) to base 15
868c5
What is 1323142 (base 5) in base 8?
64060
What is 143281 (base 10) in base 11?
98716
-3005 (base 16) to base 15
-3998
What is 244110123 (base 5) in base 4?
10123031212
Convert -125b74 (base 13) to base 2.
-1101011110000001010
What is -360b98 (base 16) in base 9?
-6587527
Convert 1442554 (base 6) to base 2.
10100011010000110
Convert 11551213 (base 7) to base 10.
1037683
Convert -313521050 (base 6) to base 13.
-11a7821
Convert 3a843 (base 11) to base 15.
123d3
Convert 16645051 (base 7) to base 8.
6206242
Convert -1000100001001110010011 (base 2) to base 12.
-8b846b
Convert 473638 (base 12) to base 3.
2011020210122
-1020410 (base 6) to base 13
-1963b
What is -7f75b (base 16) in base 13?
-153828
-748636 (base 9) to base 5
-103232223
-153935 (base 10) to base 8
-454517
What is -60002400 (base 7) in base 12?
-17a4050
What is -73b28 (base 15) in base 10?
-367013
-8b9923 (base 12) to base 8
-10416353
133933b (base 12) to base 8
16422637
4014433243 (base 5) to base 13
185c981
What is 3671350 (base 9) in base 2?
111100111001100101001
Convert -949634 (base 11) to base 8.
-5632175
What is -102a6 (base 11) in base 13?
-6a9a
Convert -151922 (base 10) to base 3.
-21201101202
-180078 (base 9) to base 8
-331770
What is 3c58b (base 16) in base 12?
bb063
What is 1020011210212 (base 3) in base 6?
21555205
Convert 3323001 (base 4) to base 5.
1003230
What is -297a0a (base 13) in base 7?
-11433116
What is 210300 (base 7) in base 6?
435230
-2220011201 (base 3) to base 7
-325102
What is 10763410 (base 8) in base 11?
1367854
-196a1 (base 14) to base 10
-64429
What is -100120101010210 (base 3) in base 15?
-6a6ca6
What is -133e21 (base 15) in base 9?
-1658224
What is -1001001111101100100011010 (base 2) in base 6?
-1531322254
What is 63514 (base 11) in base 14?
259a3
Convert 797972 (base 14) to base 9.
7686418
Convert -88341 (base 12) to base 8.
-537741
115655 (base 10) to base 16
1c3c7
Convert 10110111100011110111 (base 2) to base 14.
158007
Convert -2db9 (base 16) to base 15.
-3705
What is -120020221102 (base 3) in base 12?
-125955
120054434 (base 6) to base 7
25046005
What is -eebfa (base 16) in base 4?
-3232233322
-103242 (base 5) to base 3
-11220022
What is -2066755 (base 8) in base 14?
-105473
Convert -64a721 (base 13) to base 6.
-122405530
Convert 11222002211 (base 3) to base 13.
35662
What is 9b2259 (base 12) in base 8?
11332745
Convert 1187087 (base 9) to base 2.
10011110001111100000
What is 20364416 (base 7) in base 5?
414312434
What is 13923 (base 15) in base 12?
30420
Convert -39736 (base 11) to base 8.
-156724
What is 23304434 (base 8) in base 7?
61122332
What is 2bb31 (base 16) in base 5?
21211433
2caabc (base 13) to base 15
16d973
-801288 (base 11) to base 14
-258205
-118a37d (base 14) to base 2
-100000000011011110001011
1236332 (base 7) to base 10
160694
What is -4035035 (base 8) in base 2?
-100000011101000011101
Convert -50a670 (base 11) to base 2.
-11001000000010101000
Convert -cd9a5 (base 15) to base 10.
-653555
-110000011000 (base 2) to base 4
-300120
What is 3172a (base 16) in base 12?
99262
What is 4e08e (base 15) in base 3?
110200202222
What is 14bb8 (base 13) in base 15?
b9de
Convert 9300 (base 11) to base 8.
30066
What is -1321426 (base 8) in base 13?
-cc1c9
b98b1 (base 13) to base 14
8a360
What is -6463510 (base 7) in base 6?
-24523521
-74a8a2 (base 11) to base 16
-1250b7
Convert -1183857 (base 11) to base 10.
-2054763
What is 17519 (base 16) in base 14?
26b45
What is -4143221 (base 5) in base 7?
-403613
What is -b99687 (base 12) in base 13?
-7bc427
Convert 222022012222 (base 3) to base 9.
868188
215df (base 16) to base 11
93757
What is -3829826 (base 12) in base 13?
-2384c10
10313211 (base 5) to base 9
144425
Convert -37327 (base 14) to base 5.
-13310304
440323114 (base 5) to base 15
273c59
What is -35450207 (base 8) in base 7?
-122623005
What is -45d82 (base 16) in base 10?
-286082
-e7c19 (base 16) to base 6
-32202441
13133000 (base 5) to base 14
35727
Convert -269a0 (base 11) to base 12.
-1a317
What is 162187 (base 12) in base 4?
1130001313
2cc44 (base 15) t